is 3 - -452323500?
452323503
In base 8, what is -115 + 45063566?
45063451
In base 12, what is b4 - -48928?
48a20
In base 13, what is -747418 + -5?
-747420
In base 3, what is -222100 - -200220020?
122220220
In base 10, what is 3639146 - 2?
3639144
In base 8, what is -25416 - 145?
-25563
In base 7, what is 1265 - 1566?
-301
In base 8, what is -46 - 4162630?
-4162676
In base 3, what is 11210210222101 + -222?
11210210221102
In base 14, what is -8486d7 + 1d?
-8486b8
In base 2, what is 111010010 - 1010101111101000001?
-1010101110101101111
In base 5, what is -2 + 1221110342?
1221110340
In base 4, what is 313201312302 + -12?
313201312230
In base 7, what is -535 + -1324040?
-1324605
In base 2, what is 111 + 11010010000001010001?
11010010000001011000
In base 5, what is -3 - -1222333243?
1222333240
In base 11, what is -4 + -a958484?
-a958488
In base 6, what is -135 - 25430335?
-25430514
In base 7, what is -2 - -400422403?
400422401
In base 13, what is 5a76a1aa + -2?
5a76a1a8
In base 3, what is -202112210020 - -1200?
-202112201120
In base 3, what is 10220111110201022 - -12?
10220111110201111
In base 10, what is 999 + -63900?
-62901
In base 7, what is -2214433 + -632?
-2215365
In base 8, what is 1 + -212303761?
-212303760
In base 7, what is -131163 - -244?
-130616
In base 4, what is -20110 + 2103322?
2023212
In base 8, what is 37 - -355627?
355666
In base 4, what is 31020 - -10002?
101022
In base 15, what is 3eb - -371b?
3b17
In base 6, what is -15004134223 + 2?
-15004134221
In base 16, what is b - -69cf17?
69cf22
In base 11, what is -3464aa88 - -2?
-3464aa86
In base 2, what is 11 - 1001011101110110001010101110?
-1001011101110110001010101011
In base 9, what is 15855 + -23504?
-6538
In base 5, what is 3303002401 + -2?
3303002344
In base 7, what is -403654 - -13?
-403641
In base 7, what is -521 + -21656653?
-21660504
In base 5, what is -203004 + 42141?
-110313
In base 2, what is 1011100111011 + -1010001010101?
1011100110
In base 3, what is -100010122002 + 102021?
-100010012211
In base 6, what is -12 - -124432122?
124432110
In base 7, what is -335636 + -4560?
-343526
In base 12, what is -7 + 672b0?
672a5
In base 2, what is 111000110101 - -111001101?
1000000000010
In base 7, what is 341125151 - 14?
341125134
In base 16, what is -1197 + -a1?
-1238
In base 3, what is 1200211 - -220002002211?
220010210122
In base 6, what is -2 + -3533451?
-3533453
In base 9, what is -581672 + -22?
-581704
In base 13, what is 185918 - -10?
185928
In base 10, what is -5831 - -107?
-5724
In base 12, what is -12 + 4227a6?
422794
In base 6, what is -213 + 11401420?
11401203
In base 10, what is -1151 + -555373?
-556524
In base 12, what is -615560 + 1?
-61555b
In base 5, what is 10 + -313114032411?
-313114032401
In base 5, what is 341231 - 201233?
134443
In base 9, what is -2406356 + -5?
-2406362
In base 3, what is -1200 + -11212200202202?
-11212200211102
In base 12, what is 10b73 - 507b?
7ab4
In base 13, what is 1 + 3b96b053?
3b96b054
In base 16, what is -2100c2 - 2?
-2100c4
In base 15, what is 0 - dd80a4a?
-dd80a4a
In base 5, what is -43234 + 240124?
141340
In base 3, what is -1002111212220012 - -100?
-1002111212212212
In base 7, what is -43132642 - -3?
-43132636
In base 2, what is 1000011111 - -1101010111011?
1110011011010
In base 11, what is -102124 + 38?
-102097
In base 11, what is 10734 - -10508?
21141
In base 13, what is 2 + 148114b?
1481150
In base 8, what is 252031 - 1525?
250304
In base 10, what is -35023 - 1372?
-36395
In base 12, what is 1b5440225 + 5?
1b544022a
In base 7, what is -5634143 - 101?
-5634244
In base 7, what is 1306 + -532014?
-530405
In base 15, what is 7 - -21aadab?
21aadb3
In base 10, what is 198999 - -42?
199041
In base 14, what is 2 + c8d27a?
c8d27c
In base 6, what is -12 + 4340143214?
4340143202
In base 7, what is 1332 + -134122?
-132460
In base 2, what is -101 - 10011011001110110010111?
-10011011001110110011100
In base 12, what is -21a95 - 29?
-21b02
In base 10, what is 29285 - -52?
29337
In base 13, what is 1398bc277 - -4?
1398bc27b
In base 10, what is -1 + -1950115?
-1950116
In base 13, what is -7 - 2c3759?
-2c3763
In base 8, what is -451601 - 1204?
-453005
In base 4, what is -1110320 - -132023?
-312231
In base 4, what is 22112112110023 - -2?
22112112110031
In base 12, what is -64163785 - -1?
-64163784
In base 7, what is 1115 + 3136233?
3140351
In base 7, what is -12 + -202443413?
-202443425
In base 3, what is -12220 - 1022200120210?
-1022200210200
In base 15, what is -b0 + 2840?
2780
In base 15, what is 16422 - 78?
16399
In base 16, what is 3d - -245969?
2459a6
In base 15, what is -7623dc - -e?
-7623cd
In base 10, what is 90900 - -607?
91507
In base 12, what is 35b07 - -154?
3605b
In base 2, what is 100 + -10000111000011100111110000110?
-10000111000011100111110000010
In base 11, what is 0 - 59864422?
-59864422
In base 15, what is -576 + -391b?
-3e92
In base 13, what is 78218 + -2?
78216
In base 11, what is a0 - -67777?
67867
In base 5, what is 113 - -4311431342?
4311432010
In base 15, what is -1 - -78b4c3?
78b4c2
In base 9, what is -53601 + -46682?
-111383
In base 14, what is -102c - 2cd?
-131b
In base 3, what is 201111200020 - -10011?
201111210101
In base 7, what is 10043 - -104106?
114152
In base 12, what is 225a56 - -8?
225a62
In base 16, what is b5 - 5fd5f?
-5fcaa
In base 4, what is -1011 - -22220233?
22213222
In base 11, what is 1 - -52440601?
52440602
In base 14, what is -1 - -3b547a?
3b5479
In base 8, what is 123701 - 13453?
110226
In base 13, what is -881464 - -11?
-881453
In base 3, what is -222 + -210112022111?
-210112100110
In base 4, what is 131 + -13132101?
-13131310
In base 16, what is 8ca + 4951?
521b
In base 5, what is 22122413 - -10?
22122423
In base 16, what is -310 + -9d?
-3ad
In base 7, what is 3 - 411130103?
-411130100
In base 3, what is 120 + -1001000102221?
-1001000102101
In base 9, what is -3212 - 271071?
-274283
In base 12, what is 488 + -11748b?
-117003
In base 5, what is -122 - 322022132?
-322022304
In base 15, what is 1 + 52c5c84?
52c5c85
In base 10, what is 132330 - 32?
132298
In base 4, what is -11 + -1230130212220?
-1230130212231
In base 11, what is -347673 - 521?
-348094
In base 9, what is 885324 + 58?
885383
In base 2, what is 11 - 10101111011101110111101?
-10101111011101110111010
In base 5, what is -31424 - 2031132?
-2113111
In base 8, what is -34 + 72341321?
72341265
In base 7, what is -2561 - 6621?
-12512
In base 2, what is 1 + -101001110101000111011?
-101001110101000111010
In base 6, what is 10 + 4543043154?
4543043204
In base 13, what is 5 + -7c02ab2?
-7c02aaa
In base 10, what is -4 + 51359066?
51359062
In base 15, what is -210a + -43?
-214d
In base 3, what is 2212102200012 + -12?
2212102200000
In base 3, what is -20011022111002 + 22?
-20011022110210
In base 16, what is 1a + 2a0f9?
2a113
In base 12, what is -4 + 4908163?
490815b
In base 12, what is 322b6793 + 1?
322b6794
In base 11, what is -285a8a + -18?
-285aa7
In base 11, what is -a4526 - 138?
-a4663
In base 9, what is -4 - 10247608?
-10247613
In base 4, what is 31211012222 + 3?
31211012231
In base 8, what is 3 + -137171046?
-137171043
In base 14, what is c80d0a5 + 5?
c80d0aa
In base 16, what is -5168c - b?
-51697
In base 5, what is -2142 - 10423021?
-10430213
In base 5, what is -114103324 + 4?
-114103320
In base 12, what is -19369 + -2681?
-1ba2a
In base 14, what is -2 - -32385d?
32385b
In base 2, what is -10111011 + 1100010010101111?
1100001111110100
In base 8, what is -421166 - -33?
-421133
In base 13, what is cb72a - -492?
cbbbc
In base 13, what is 7a0 - 1696?
-bc6
In base 9, what is 8 + 2175117?
2175126
In base 3, what is -1100 + -11011100111001?
-11011100112101
In base 16, what is 1a2 + 8ee2?
9084
In base 15, what is 0 + -10e8ec3?
-10e8ec3
In base 6, what is 154 - -21122255?
21122453
In base 6, what is 2251145142 + 3?
2251145145
In base 10, what is -96231172 + -1?
-96231173
In base 2, what is -101101100 + -10000101011111101?
-10000110001101001
In base 16, what is 6fae - 109?
6ea5
In base 10, what is -254593 + -8?
-254601
In base 14, what is 4a + c1837?
c1883
In base 14, what is 4289c967 + -4?
4289c963
In base 13, what is 1ca49 + -3413?
19636
In base 11, what is -44a - -776?
327
In base 4, what is -101033 + -1030030?
-1131123
In base 8, what is 601 + -